i) be the third derivative of -1/3*i**3 + 0*i + 1/30*i**5 + 1/24*i**4 + 0 + 6*i**2. Calculate g(l).
4
Let l(r) be the second derivative of -r**5/20 + r**4/6 + r**3/6 - r**2/2 + 4*r - 8. What is l(3)?
-7
Let a = 123 - 120. Let b(d) = 3*d + 2. What is b(a)?
11
Let u(l) be the second derivative of 1/10*l**5 - 1/6*l**3 + 0*l**2 - 2*l + 1/12*l**4 + 0. What is u(1)?
2
Let y(r) = r - 1. Let u(p) = -2*p**2 - p + 3. Let x(z) = -u(z) - 6*y(z). Calculate x(3).
6
Let k(t) = t**3 - 10*t**2 + 6*t + 14. Let w be k(9). Suppose -6 = 3*h + 3*g, -6*g + 6 = 2*h - 2*g. Let v = w - h. Let c(m) = m**2 + 4*m - 5. Give c(v).
7
Let q(g) be the first derivative of -g**6/360 + g**5/15 + 11*g**3/3 + 13. Let w(s) be the third derivative of q(s). Determine w(5).
15
Let v(o) = -2*o - 4*o + 2*o - 2. Suppose 0 = -299*u + 295*u - 16. What is v(u)?
14
Let g(l) = l**3 + 8*l**2 + 3*l - 23. Let h = 742 + -749. Calculate g(h).
5
Suppose 5*g = -0*g + 15. Let n(s) = -s**3 - 11 - 16 + 7*s**2 - s + 30. Let h(b) = -b**3 + 8*b**2 - b + 2. Let o(k) = g*n(k) - 2*h(k). What is o(5)?
0
Let l(o) = -12*o**3 + 2*o - 1. Let u(j) = -2 + 9 - 8*j**2 + 7*j + 9*j**2. Let f be u(-6). Give l(f).
-11
Let h(i) = -i - 9. Suppose 84*c - 8 = 80*c. Suppose m = c*m. Calculate h(m).
-9
Let o(p) = 14 + 0*p - 2 + 3*p. Let q(k) = -k - 4. Let l = 260 + -271. Let n(a) = l*q(a) - 4*o(a). Determine n(0).
-4
Let h be 1/(-5) + 18/(-10). Suppose 7 - 3 = q. Let d(i) = 2*i - i - q*i. Determine d(h).
6
Suppose -3*j = 4*a + 7, 0 = 2*a - 40 + 48. Let l(b) be the second derivative of b**2 + 0 - 1/2*b**j - 5*b. Calculate l(-3).
11
Let q = 720 + -721. Let c(s) = 48*s + 33. Let u = 6 + -4. Let a(o) = -3*o - 2. Let z(f) = u*c(f) + 33*a(f). Calculate z(q).
3
Suppose 5*d + 16 = -4*l, -6 - 1 = 5*l + 3*d. Let z(h) = -2*h**3 - 5*h**2 + h + 5. Let m(b) = b**3 - b**2 + b - 1. Let c(o) = l*z(o) + m(o). What is c(-6)?
-8
Let v(h) = h**3 - h**2 + h - 3. Let k = -355 - -357. What is v(k)?
3
Let i(l) = l**2 + 4*l - 3. Let k(r) = r**2 + 5*r - 7. Let z(x) = 4*i(x) - 3*k(x). Calculate z(0).
9
Let q(f) = -3*f - 8. Let h(v) = -3*v**3 + 18*v**2 - 5*v + 29. Let i be h(6). Determine q(i).
-5
Let n(a) = 5*a**2 + 2 - 3*a**2 - 3 - 3 + 10*a. Let o(b) = b**2 + 5*b - 2. Let k(u) = 3*n(u) - 5*o(u). What is k(-4)?
-6
Let r(q) = 12*q + 16*q - 29*q - 2 + q**2. What is r(-3)?
10
Let o(i) be the third derivative of -i**6/120 - i**4/6 + i**3/3 + 88*i**2 + i. Determine o(1).
-3
Suppose 7*z - 24 = 3*z. Suppose z*j - 46 = 2. Let p(v) = -v**3 + 8*v**2 + 1. Determine p(j).
1
Let v(g) = 45*g**2 + 4 - 4*g + 4*g - g - 49*g**2. What is v(-3)?
-29
Let d(w) = -2*w**2 - 7*w + 1. Let u(p) = 2*p**2 + p + 1. Let k(i) = d(i) + 2*u(i). What is k(3)?
6
Let l(a) be the third derivative of -21*a**2 + 0*a + 0 - 1/6*a**3 + 1/12*a**4. Suppose -2*o + 8 + 0 = 0. What is l(o)?
7
Suppose 18 = 5*o + 3. Let s(i) = -o*i + 5*i + 4 + 0*i. What is s(-3)?
-2
Let f(k) be the second derivative of -k**5/40 - 8*k**3/3 - 4*k. Let y(n) be the second derivative of f(n). Calculate y(-3).
9
Suppose 12 = -3*l - 6. Let k(d) be the third derivative of d**4/24 + 4*d**3/3 - 479*d**2. Give k(l).
2
Let u(b) be the second derivative of 0*b**2 + 0*b**3 - 1/4*b**4 - 3/20*b**5 + 0 - 16*b. Calculate u(-2).
12
Let v(k) = k**3 + 10*k**2 - 4. Let c be (3 + -5 + 20/8)*-20. Give v(c).
-4
Let k(v) = v**3 + 12*v**2 - 13*v. Let j be k(-13). Let u(b) = -b**3 - 9. Give u(j).
-9
Let r = -23 + 18. Let h(x) = x**2 + 6*x - 1. Let f be h(r). Let z(q) = -q**2 - 7*q - 7. Calculate z(f).
-1
Let n(l) = -14*l + 2. Let y be (-24 - -18) + (6 - (-3 + 1)). What is n(y)?
-26
Let b(v) be the third derivative of v**5/60 + v**4/8 + v**3 + 91*v**2. Determine b(-4).
10
Let b(p) = -5*p**2 + 3*p - 1. Let l(i) = -4*i**2 + 2*i. Let q(d) = -3*b(d) + 4*l(d). Determine q(3).
-9
Let b(q) = -8*q**2 + 3. Suppose -575*t = -578*t + 3. Determine b(t).
-5
Let x(a) = 2*a + 2*a - 7*a**2 - 8 + 8*a**2 - 2*a**2. Determine x(6).
-20
Suppose -3*u = -0*u - 24. Suppose -4*h - 29 = i, 2*h + 3*i + 31 = u*i. Let o = 3 + h. Let t(f) = -f. Calculate t(o).
5
Let i(t) = t**2 + 4*t - 2. Let p be -3*((-8)/6)/(-1). Let r = -227 - -226. Let z be r + 3 + p + -3. Give i(z).
3
Let v(j) be the third derivative of -1/3*j**3 + 1/60*j**5 + 1/8*j**4 + 0 + 0*j + 19*j**2. Suppose 0 = q + 2*q + 2*o - 1, 4*q - 3*o = -27. What is v(q)?
-2
Let v(w) = -w**2 - 11*w - 12. Let g be 11 + 1833/(-169) + 264/(-26). Determine v(g).
-2
Suppose 13*j - 23 - 55 = 0. Let n(g) = -3*g - 7. Give n(j).
-25
Let v = 1330 + -1335. Let m(y) = -y**3 - 5*y**2 - 2*y + 1. Calculate m(v).
11
Let y(r) = r**2 - 43*r - 92. Let b be y(45). Let q(v) = 3*v**3 + v**2 - 4*v - 5. Determine q(b).
-17
Let u(c) = -2*c**3 - 32*c**2 - 5. Let t be u(-16). Suppose -5*z + 9 = -2*z. Let y(o) = -4 + 3*o**2 - 7*o + 4*o**3 - 3*o**z + 2*o + o**2. Calculate y(t).
-4
Suppose -3*w - 4*k = -2*k - 73, -2*w = 4*k - 54. Let n = w - 15. Suppose d - 3*d + n = 0. Let o(x) = -x. Calculate o(d).
-4
Let g(a) = -a**3 + 7*a**2 - 3*a - 5. Let y be (-6)/(6 + -4) + 8. Suppose y*u - 22 = 8. Give g(u).
13
Let q(r) = r**3 - 3*r**2 + 4*r - 2. Let g be q(3). Let a be (1 - (-6)/(-4))*g. Let u(t) = -4*t + 7 - 5 + 0*t - t**2. Determine u(a).
-3
Let g(r) be the first derivative of r**6/60 - r**5/30 - r**4/24 + r**3/6 + 11*r**2/2 - 12. Let d(f) be the second derivative of g(f). Calculate d(-2).
-21
Let b(d) = d**3 - 16*d**2 - 17*d + 12. Suppose -4*u = -q - 66, -4*u + 5*q - 9*q = -76. What is b(u)?
12
Let j(b) = -13*b**2 - b. Suppose -2*y - 21 = -37. Let q be (y - 4) + (-15)/5. Give j(q).
-14
Let s(v) = -3*v**2 - 76*v + 12. Let h(u) = -2*u**2 - 39*u + 7. Let o(l) = 5*h(l) - 2*s(l). Calculate o(-11).
0
Let t be (-256)/(-12) - 1/3. Let v = t - 21. Let c(g) = -6*g**2 - 8 + g**3 + v + g + 9. Give c(6).
7
Suppose 7 = -2*g - 0*g - y, 0 = 4*g - 4*y + 44. Let s be (18/(-15))/((-9)/60). Let w(l) = -s + 0*l - l + 5 - 11. Give w(g).
-8
Let h = -76 + 86. Let n(t) = t**2 - 8*t - 3. Calculate n(h).
17
Let t(p) = -p**2 + 25. Let b be t(5). Suppose -5*z - 17 - 23 = b. Let u(i) = -i**2 - 7*i. Calculate u(z).
-8
Let n(l) be the third derivative of 1/24*l**4 - l**2 + 1/60*l**5 + 0 + 0*l - 1/6*l**3. Give n(-3).
5
Let m(y) = y + 15. Let u be m(0). Suppose 3*a + 3 = 2*w - 6, -u = 5*a - 4*w. Let h(l) = -4*l**2 + 240*l**3 + 4 - 475*l**3 - 3*l + 234*l**3. Determine h(a).
4
Let y(u) be the first derivative of -19*u**4/4 + 3*u**3 - 2*u**2 + 2*u - 14. Let a(h) = 9*h**3 - 4*h**2 + 2*h - 1. Let x(s) = -9*a(s) - 4*y(s). What is x(1)?
-6
Let j(f) = -4. Let k(m) = -m + 4. Let q(d) = -3*j(d) - 4*k(d). What is q(2)?
4
Let t(d) be the first derivative of -2*d + 1/4*d**4 + 4/3*d**3 + 18 - 1/2*d**2. Calculate t(-3).
10
Suppose -5*m + 44 = -m. Suppose q - 12 = -m*q. Let j(r) = 4*r**3 - r**2 + 1. Give j(q).
4
Let s(m) = -5*m**3 - 489 - 6*m**2 - 6*m + 488 + 4*m**3. Give s(-5).
4
Let v(z) be the second derivative of -z**5/20 + 5*z**4/4 - 14*z**3/3 + 13*z**2 - 8*z + 27. Calculate v(13).
0
Let g(u) = -u**2 - 8*u - 10. Let o(t) = t + 2. Let a(i) = g(i) + 3*o(i). Let j = -7 + 3. Give a(j).
0
Suppose 2*t - 14 = -8. Let d(w) = 19 - 27 - 5*w**2 - 6*w + 12 + w**t. Give d(6).
4
Suppose -34 = -2*z - 4. Suppose -25 = -2*d + 3*y, y = d + 5 - z. Let o(u) = -u**2 + 7*u - 6. What is o(d)?
4
Let p(i) = -i**2 - 6*i + 5. Let d = 34 - 28. Let w be 20/(-3) - d/(-9). Determine p(w).
5
Let m be (6/(-15))/((-10)/175). Let z(g) = -g**2 + 9*g - 18. Calculate z(m).
-4
Let t(i) be the third derivative of 7*i**6/120 + i**5/30 - i**3/6 + 178*i**2. Determine t(-1).
-6
Let k(t) be the first derivative of -8 + 2*t**2 + 3*t - 1/6*t**3. Let g(r) be the first derivative of k(r). Give g(2).
2
Let j(m) = m**2 - 6*m - 4. Let t be (-21)/(-14) + 58/(-4). Let v = t + 19. Calculate j(v).
-4
Let z = 16 + -23. Let x(k) = 2*k**2 + k**2 - 1 + 0 - 2*k. Let h(w) = 2*w**2 - w - 1. Let n(b) = z*h(b) + 5*x(b). Determine n(3).
2
Suppose -4*j - 3*o + 0*o = -17, 4*o - 6 = 3*j. Suppose -1 = -v - j. Let a(t) = 10*t**2 + t + 1. Determine a(v).
10
Let b(r) = -11*r - r**3 + 7*r**2 + 7 + 2*r**3 + 33*r - 15*r. What is b(-5)?
22
Let m(d) = 13*d + 16. Let t(b) = -3*b - 4. Let f(j) = -2*m(j) - 9*t(j). Suppose -12 = 5*o - 57. Let n be (9/(-2))/o*8. Calculate f(n).
0
Let j(n) = 7*n**2 - 10*n + 12. Let o(w) = 2*w**2 + w. Let s(k) = -j(k) + 4*o(k). What is s(-15)?
3
Let q 